55439
List the prime factors of 2223.
3, 13, 19
List the prime factors of 1293.
3, 431
What are the prime factors of 2886?
2, 3, 13, 37
What are the prime factors of 20226?
2, 3, 3371
What are the prime factors of 3803?
3803
List the prime factors of 5757.
3, 19, 101
List the prime factors of 1106.
2, 7, 79
List the prime factors of 693.
3, 7, 11
What are the prime factors of 978?
2, 3, 163
List the prime factors of 12751.
41, 311
List the prime factors of 610.
2, 5, 61
What are the prime factors of 1337?
7, 191
List the prime factors of 49350.
2, 3, 5, 7, 47
What are the prime factors of 113842?
2, 56921
List the prime factors of 914.
2, 457
What are the prime factors of 4020?
2, 3, 5, 67
List the prime factors of 198.
2, 3, 11
What are the prime factors of 79?
79
List the prime factors of 11327.
47, 241
List the prime factors of 5813.
5813
What are the prime factors of 1678?
2, 839
What are the prime factors of 100876?
2, 25219
List the prime factors of 767.
13, 59
What are the prime factors of 164593?
11, 13, 1151
What are the prime factors of 47187?
3, 7, 107
List the prime factors of 6210.
2, 3, 5, 23
List the prime factors of 6396.
2, 3, 13, 41
List the prime factors of 19627.
19, 1033
What are the prime factors of 3345?
3, 5, 223
What are the prime factors of 36376?
2, 4547
What are the prime factors of 47845?
5, 7, 1367
What are the prime factors of 1952?
2, 61
List the prime factors of 8612.
2, 2153
What are the prime factors of 308?
2, 7, 11
What are the prime factors of 2813?
29, 97
What are the prime factors of 25135?
5, 11, 457
What are the prime factors of 72953?
72953
List the prime factors of 7996.
2, 1999
What are the prime factors of 9684?
2, 3, 269
List the prime factors of 16155.
3, 5, 359
What are the prime factors of 1130?
2, 5, 113
List the prime factors of 148019.
17, 8707
What are the prime factors of 164?
2, 41
What are the prime factors of 55066?
2, 11, 2503
List the prime factors of 3230.
2, 5, 17, 19
List the prime factors of 7492.
2, 1873
List the prime factors of 4301.
11, 17, 23
List the prime factors of 35139.
3, 13, 17, 53
List the prime factors of 60.
2, 3, 5
List the prime factors of 451.
11, 41
List the prime factors of 25607.
29, 883
What are the prime factors of 104018?
2, 52009
List the prime factors of 1685.
5, 337
List the prime factors of 3784.
2, 11, 43
What are the prime factors of 716?
2, 179
What are the prime factors of 1540?
2, 5, 7, 11
What are the prime factors of 5083?
13, 17, 23
List the prime factors of 4384.
2, 137
List the prime factors of 3512.
2, 439
List the prime factors of 1504.
2, 47
What are the prime factors of 547?
547
List the prime factors of 4342.
2, 13, 167
List the prime factors of 72457.
7, 11, 941
List the prime factors of 42955.
5, 11, 71
List the prime factors of 1910.
2, 5, 191
What are the prime factors of 70518?
2, 3, 7, 23, 73
What are the prime factors of 118965?
3, 5, 7, 11, 103
What are the prime factors of 4561?
4561
List the prime factors of 3334.
2, 1667
What are the prime factors of 4776?
2, 3, 199
List the prime factors of 394.
2, 197
List the prime factors of 989.
23, 43
List the prime factors of 114247.
7, 19, 859
What are the prime factors of 247?
13, 19
What are the prime factors of 29985?
3, 5, 1999
What are the prime factors of 2921?
23, 127
List the prime factors of 2481.
3, 827
What are the prime factors of 51396?
2, 3, 4283
What are the prime factors of 6638?
2, 3319
List the prime factors of 9568.
2, 13, 23
List the prime factors of 1002.
2, 3, 167
What are the prime factors of 542?
2, 271
What are the prime factors of 11426?
2, 29, 197
List the prime factors of 2297.
2297
List the prime factors of 702.
2, 3, 13
What are the prime factors of 3677?
3677
List the prime factors of 4115.
5, 823
What are the prime factors of 4011?
3, 7, 191
List the prime factors of 33394.
2, 59, 283
List the prime factors of 20216.
2, 7, 19
List the prime factors of 10712.
2, 13, 103
List the prime factors of 168.
2, 3, 7
List the prime factors of 8630.
2, 5, 863
List the prime factors of 13207.
47, 281
What are the prime factors of 2020?
2, 5, 101
What are the prime factors of 6670?
2, 5, 23, 29
List the prime factors of 14147.
7, 43, 47
List the prime factors of 2393.
2393
List the prime factors of 39660.
2, 3, 5, 661
List the prime factors of 61583.
61583
What are the prime factors of 120288?
2, 3, 7, 179
What are the prime factors of 676?
2, 13
What are the prime factors of 7593?
3, 2531
List the prime factors of 683.
683
What are the prime factors of 1355?
5, 271
What are the prime factors of 88796?
2, 79, 281
List the prime factors of 11631.
3, 3877
What are the prime factors of 837?
3, 31
What are the prime factors of 349?
349
List the prime factors of 11728.
2, 733
List the prime factors of 30668.
2, 11, 17, 41
What are the prime factors of 3829?
7, 547
List the prime factors of 158238.
2, 3, 59, 149
List the prime factors of 6973.
19, 367
What are the prime factors of 1541?
23, 67
List the prime factors of 2333.
2333
List the prime factors of 22017.
3, 41, 179
List the prime factors of 3984.
2, 3, 83
What are the prime factors of 50207?
50207
List the prime factors of 1349.
19, 71
List the prime factors of 46151.
7, 19, 347
List the prime factors of 1066.
2, 13, 41
List the prime factors of 457.
457
What are the prime factors of 2844?
2, 3, 79
List the prime factors of 63890.
2, 5, 6389
What are the prime factors of 593?
593
What are the prime factors of 1085?
5, 7, 31
What are the prime factors of 7685?
5, 29, 53
What are the prime factors of 1595?
5, 11, 29
List the prime factors of 139570.
2, 5, 17, 821
List the prime factors of 5357.
11, 487
List the prime factors of 60231.
3, 17, 1181
List the prime factors of 4468.
2, 1117
What are the prime factors of 256?
2
What are the prime factors of 43547?
7, 6221
What are the prime factors of 15491?
7, 2213
What are the prime factors of 345?
3, 5, 23
What are the prime factors of 1393?
7, 199
What are the prime factors of 538?
2, 269
What are the prime factors of 10245?
3, 5, 683
What are the prime factors of 3198?
2, 3, 13, 41
List the prime factors of 1277.
1277
What are the prime factors of 842?
2, 421
What are the prime factors of 505?
5, 101
List the prime factors of 8493.
3, 19, 149
What are the prime factors of 41674?
2, 67, 311
List the prime factors of 6304.
2, 197
What are the prime factors of 629?
17, 37
List the prime factors of 865.
5, 173
List the prime factors of 32976.
2, 3, 229
List the prime factors of 1710.
2, 3, 5, 19
List the prime factors of 1125.
3, 5
List the prime factors of 3354.
2, 3, 13, 43
What are the prime factors of 5879?
5879
What are the prime factors of 1673?
7, 239
What are the prime factors of 69746?
2, 43, 811
List the prime factors of 14056.
2, 7, 251
List the prime factors of 1451.
1451
List the prime factors of 304.
2, 19
What are the prime factors of 714?
2, 3, 7, 17
What are the prime factors of 1226?
2, 613
List the prime factors of 4198.
2, 2099
What are the prime factors of 11444?
2, 2861
List the prime factors of 9659.
13, 743
List the prime factors of 15.
3, 5
What are the prime factors of 1632?
2, 3, 17
What are the prime factors of 6417?
3, 23, 31
What are the prime factors of 19606?
2, 9803
List the prime factors of 2466.
2, 3, 137
What are the prime factors of 19706?
2, 59, 167
What are the prime factors of 16324?
2, 7, 11, 53
List the prime factors of 1345.
5, 269
What are the prime factors of 126234?
2, 3, 7013
List the prime factors of 2906.
2, 1453
What are the prime factors of 362?
2, 181
What are the prime factors of 15907?
15907
What are the prime factors of 348?
2, 3, 29
List the prime factors of 1022.
2, 7, 73
What are the prime factors of 12398?
2, 6199
What are the prime factors of 3086?
2, 1543
List the prime factors of 3434.
2, 17, 101
What are the prime factors of 16424?
2, 2053
List the prime factors of 5501.
5501
What are the prime factors of 8165?
5, 23, 71
List the prime factors of 105386.
2, 23, 29, 79
List the prime factors of 8624.
2, 7, 11
What are the prime factors of 58749?
3, 19583
List the prime factors of 7520.
2, 5, 47
List the prime factors of 53.
53
What are the prime factors of 12984?
2, 3, 541
What are the prime factors of 5615